umber?
True
Is 1932631 prime?
True
Is 12659 prime?
True
Is 35491 composite?
False
Is 164953 a prime number?
True
Is 679 a composite number?
True
Is 52627 composite?
False
Is 70531 composite?
True
Is 691 a prime number?
True
Is 419743 a composite number?
False
Is 347771 a prime number?
True
Is 36739 prime?
True
Is 29947 prime?
True
Is 253703 composite?
False
Is 256441 prime?
True
Is 299743 a prime number?
True
Is 1350959 a prime number?
True
Is 91617 a prime number?
False
Is 206933 a prime number?
True
Is 657879 composite?
True
Is 4637 composite?
False
Is 1304447 prime?
False
Is 416293 a composite number?
True
Is 2605 composite?
True
Is 82067 prime?
True
Is 7409 prime?
False
Is 353359 a composite number?
False
Is 323027 prime?
True
Is 3313043 a prime number?
True
Is 1849 a prime number?
False
Is 2455811 prime?
True
Is 30887 prime?
False
Is 26679 a prime number?
False
Is 694 a composite number?
True
Is 93349 composite?
True
Is 2929 prime?
False
Is 880603 a prime number?
True
Is 29177 a prime number?
False
Is 44949 a composite number?
True
Is 45119 a composite number?
False
Is 18807 prime?
False
Is 186917 a prime number?
True
Is 267017 a composite number?
False
Is 299161 a composite number?
True
Is 10007 prime?
True
Is 10699 a composite number?
True
Is 5839 prime?
True
Is 5563 a prime number?
True
Is 879 prime?
False
Is 163169 a prime number?
True
Is 52837 composite?
False
Is 89189 a composite number?
False
Is 10511 composite?
True
Is 405319 prime?
False
Is 5777 a prime number?
False
Is 97709 composite?
True
Is 1913867 a prime number?
True
Is 35671 composite?
False
Is 162209 composite?
False
Is 3543 composite?
True
Is 101033 prime?
False
Is 1543 composite?
False
Is 291253 prime?
True
Is 15259 prime?
True
Is 99119 prime?
True
Is 2761 a prime number?
False
Is 141595 a composite number?
True
Is 402099 a composite number?
True
Is 146887 composite?
True
Is 25693 a composite number?
False
Is 41441 a prime number?
False
Is 36997 a prime number?
True
Is 29527 composite?
False
Is 9619 a composite number?
False
Is 1151 a composite number?
False
Is 130171 a composite number?
False
Is 289213 composite?
False
Is 3299 composite?
False
Is 74215 a composite number?
True
Is 75389 a prime number?
True
Is 1837 prime?
False
Is 10909 a prime number?
True
Is 27757 prime?
False
Is 1651 composite?
True
Is 2470099 a prime number?
True
Is 634 a prime number?
False
Is 4714 composite?
True
Is 26339 prime?
True
Is 1108735 a prime number?
False
Is 9263 a prime number?
False
Is 441019 prime?
False
Is 1275401 composite?
False
Is 25013 a composite number?
False
Is 226183 a prime number?
True
Is 191663 a composite number?
True
Is 20093 composite?
True
Is 585211 composite?
True
Is 13751 a composite number?
False
Is 212701 composite?
False
Is 49481 prime?
True
Is 12209 composite?
True
Is 359269 composite?
True
Is 51 a composite number?
True
Is 168591 composite?
True
Is 5557 composite?
False
Is 59539 composite?
False
Is 719 composite?
False
Is 1106471 composite?
False
Is 48491 a prime number?
True
Is 4673353 composite?
False
Is 60937 a prime number?
True
Is 11015 composite?
True
Is 1257 a prime number?
False
Is 22465 a prime number?
False
Is 3293 a prime number?
False
Is 436801 prime?
True
Is 14631 a composite number?
True
Is 2201 a prime number?
False
Is 100069 a composite number?
False
Is 77191 composite?
False
Is 121529 a prime number?
False
Is 21583 composite?
True
Is 118487 a composite number?
True
Is 12703 a composite number?
False
Is 16143 prime?
False
Is 89041 a prime number?
True
Is 54551 composite?
True
Is 43201 composite?
False
Is 195227 a prime number?
False
Is 7507 prime?
True
Is 215921 a composite number?
False
Is 641527 a composite number?
True
Is 449617 a prime number?
False
Is 746353 composite?
False
Is 48098 a prime number?
False
Is 726197 a prime number?
False
Is 1165018 a prime number?
False
Is 103699 a prime number?
True
Is 125261 prime?
True
Is 15977 composite?
True
Is 25013 a composite number?
False
Is 108055 prime?
False
Is 465581 composite?
False
Is 2388649 prime?
True
Is 39085 a prime number?
False
Is 11027 a composite number?
False
Is 33107 composite?
False
Is 430649 prime?
True
Is 345119 prime?
False
Is 266333 a composite number?
False
Is 169111 prime?
True
Is 25219 a prime number?
True
Is 356311 a composite number?
False
Is 249137 a composite number?
True
Is 63442 composite?
True
Is 10473 composite?
True
Is 5158 a prime number?
False
Is 32257 prime?
True
Is 158437 a composite number?
True
Is 12389 prime?
False
Is 2293503 a composite number?
True
Is 17903 a prime number?
True
Is 2176301 prime?
True
Is 125017 prime?
True
Is 331577 a composite number?
False
Is 29239 prime?
False
Is 24538 a prime number?
False
Is 105629 composite?
True
Is 91909 a composite number?
False
Is 122009 prime?
False
Is 7382 a composite number?
True
Is 6947 a prime number?
True
Is 847339 a prime number?
True
Is 6761 composite?
False
Is 30601 prime?
False
Is 12793 prime?
False
Is 110326 a prime number?
False
Is 12499 a prime number?
False
Is 1572905 a composite number?
True
Is 9595733 composite?
True
Is 313109 a prime number?
True
Is 128599 prime?
True
Is 274591 a composite number?
False
Is 12499 prime?
False
Is 275963 prime?
True
Is 15191 composite?
True
Is 63977 composite?
False
Is 21911 a prime number?
True
Is 769085 composite?
True
Is 237517 prime?
False
Is 62117 prime?
False
Is 111409 prime?
True
Is 94513 a composite number?
False
Is 10841 a composite number?
True
Is 20701 a prime number?
False
Is 6911 prime?
True
Is 9131 a prime number?
False
Is 17291 prime?
True
Is 3065 a prime number?
False
Is 26797 composite?
True
Is 77201 prime?
True
Is 94709 composite?
False
Is 518863 a composite number?
False
Is 24761 a prime number?
False
Is 1215017 a composite number?
False
Is 77523 composite?
True
Is 6463 a composite number?
True
Is 210437 a prime number?
True
Is 43573 composite?
False
Is 201547 a composite number?
False
Is 124885 a composite number?
True
Is 24943 a prime number?
True
Is 143449 a composite number?
True
Is 67369 a composite number?
False
Is 8457 prime?
False
Is 2203 composite?
False
Is 1241771 a prime number?
True
Is 232153 a composite number?
False
Is 55291 composite?
False
Is 3949 a prime number?
False
Is 175289 prime?
False
Is 123 a prime number?
False
Is 94873 a composite number?
False
Is 285869 a prime number?
False
Is 268993 a prime number?
True
Is 8661 a composite number?
True
Is 3260577 a prime number?
False
Is 7801 a prime number?
False
Is 72793 prime?
False
Is 340559 composite?
False
Is 3989 a prime number?
True
Is 3326 a prime number?
False
Is 23158 a prime number?
False
Is 10109 a composite number?
True
Is 36263 a prime number?
True
Is 99901 prime?
True
Is 74999 a composite number?
True
Is 229897 composite?
False
Is 17821 a composite number?
True
Is 156509 prime?
False
Is 222449 composite?
True
Is 133769 composite?
False
Is 1561 composite?
True
Is 6673 a composite number?
False
Is 1931 composite?
False
Is 8767 prime?
False
Is 128389 composite?
False
Is 448943 a composite number?
True
Is 17569 prime?
True
Is 16127 a prime number?
True
Is 299389 a composite number?
False
Is 8047 prime?
False
Is 78941 a prime number?
True
Is 213373 a prime number?
False
Is 46983 composite?
True
Is 270913 a composite number?
False
Is 138497 a prime number?
True
Is 4413 prime?
False
Is 22301 a prime number?
False
Is 1574 a prime number?
False
Is 324931 a composite number?
False
Is 158731 a composite number?
False
Is 698545 a prime number?
False
Is 880127 a composite number?
False
Is 35173 composite?
True
Is 152311 prime?
True
Is 166291 a composite number?
True
Is 364773 a prime number?
False
Is 999451 a prime number?
True
Is 24317 a prime number?
True
Is 12637 prime?
True
Is 16715 a prime number?
False
Is 14029 prime?
True
Is 53647 composite?
True
Is 1731 a composite number?
True
Is 19207 composite?
False
Is 461447 prime?
False
Is 148513 a prime number?
True
Is 5737 a composite number?
False
Is 977997 a prime number?
False
Is 220911 a prime number?
False
Is 12821 composite?
False
Is 216607 a prime number?
True
Is 64271 composite?
False
Is 1198783 composite?
True
Is 111721 a composite number?
False
Is 432191 a composite number?
True
Is 35914 composite?
True
Is 82909 composite